8. What is a(-50)?
2
Let s(d) = -d**2 + 19*d. Calculate s(11).
88
Let g(f) = f**2 - 19*f + 3. Calculate g(20).
23
Let l(o) = 3*o**2 - 4*o + 3. Calculate l(1).
2
Let d(v) = -v**3 - 27*v**2 + 30*v + 57. Determine d(-28).
1
Let d(m) = -3*m**2 - 13*m + 6. What is d(-5)?
-4
Let h(j) = j**2 - 12*j + 5. Calculate h(11).
-6
Let j(z) = 10*z**2 - 19*z + 19. Give j(1).
10
Let m(z) = 2*z - 12. Calculate m(1).
-10
Let q(g) = -g**3 + 41*g**2 - 117*g + 118. What is q(38)?
4
Let x(c) = -6*c - 122. Give x(-20).
-2
Let h(n) = -12*n**2 + 2*n - 1. Give h(1).
-11
Let x(f) = -f**2 - 14*f - 14. What is x(-10)?
26
Let g(m) = 3*m + 114. Determine g(-37).
3
Let n(x) = x**3 + 23*x**2 + 25*x + 61. Calculate n(-22).
-5
Let o(a) = a**2 + 4*a - 7. What is o(-6)?
5
Let z(w) = -w**2 - 5*w + 9. What is z(-6)?
3
Let r(m) = 3*m**3 + 3*m**2 - 5*m - 4. What is r(-3)?
-43
Let c(b) = 4*b - 19. Determine c(8).
13
Let p(j) = -j**3 - 7*j**2 - 10*j - 2. Calculate p(-5).
-2
Let u(q) = -q**3 - 7*q**2 + q + 11. What is u(-7)?
4
Let b(s) = 4*s - 2. Give b(-2).
-10
Let g(x) = -4*x + 102. Give g(30).
-18
Let r(l) = l**2 + 3*l + 5. Determine r(4).
33
Let o(j) = -7*j + 25. Give o(5).
-10
Let m(y) = 13*y + 8. Calculate m(-4).
-44
Let z(x) = 3*x - 16. Give z(5).
-1
Let v(z) = z**3 - 28*z**2 + 76*z - 24. What is v(25)?
1
Let a(i) = -i + 18. Give a(-5).
23
Let k(j) = -j**2 + 12*j - 36. Determine k(9).
-9
Let a(j) = -j + 17. Calculate a(9).
8
Let j(a) = 2*a**2 + a + 4. Give j(-8).
124
Let j(g) = -g**2 - 29*g - 39. Give j(-27).
15
Let g(s) = -s**2 + 7*s. Calculate g(9).
-18
Let x(y) = -2*y**3 + 5*y**2 + 3*y. Determine x(4).
-36
Let g(y) = y**3 + 9*y**2 + 8*y + 33. Give g(-8).
33
Let a(u) = -u**2 + 5*u + 16. What is a(-3)?
-8
Let p(g) = -g - 3. Calculate p(20).
-23
Let j(w) = 2*w + 5. Give j(-12).
-19
Let p(t) = -2*t**3 - 13*t**2 + 4*t - 10. Give p(-7).
11
Let d(q) = 2*q**2 - 47*q - 8. Give d(23).
-31
Let j(t) = 39*t - 236. What is j(6)?
-2
Let r(p) = -p + 8. Give r(4).
4
Let g(x) = x**2 - 8*x + 12. Give g(8).
12
Let d(g) = g**3 + 10*g**2 + 7*g - 12. What is d(-9)?
6
Let b(c) = 2*c + 5. Calculate b(-10).
-15
Let v(h) = 4*h**2 - 14*h + 4. What is v(4)?
12
Let s(c) = c**2 - 18*c + 15. Calculate s(17).
-2
Let h(b) = -2*b + 11. Calculate h(-7).
25
Let g(w) = -6*w + 10. What is g(13)?
-68
Let z(l) = 11*l**2 + 9*l + 6. What is z(-3)?
78
Let t(w) = -w - 4. Give t(-5).
1
Let p(x) = -2*x**2 - 32*x + 10. Give p(-16).
10
Let i(q) = q**3 - 10*q**2 + 12*q. What is i(8)?
-32
Let n(q) = -q**2 + 2*q + 9. Give n(4).
1
Let a(u) = -5*u**2 - 2*u. What is a(2)?
-24
Let q(l) = -8*l**3 - 6*l**2 + 11*l - 5. Calculate q(1).
-8
Let r(l) = -21*l + 809. Give r(39).
-10
Let o(k) = k**3 + 6*k**2. Give o(-5).
25
Let p(k) = -2*k**3 - 16*k**2 + 12*k + 26. Give p(-8).
-70
Let a(b) = -47*b + 1033. Give a(22).
-1
Let s(z) = -19*z + 5. Calculate s(2).
-33
Let m(w) = -w**3 + w**2 + 2. Calculate m(0).
2
Let v(s) = -s**2 + s - 4. Calculate v(0).
-4
Let b(f) = -24*f + 8. Calculate b(1).
-16
Let l(i) = 17*i + 8. What is l(8)?
144
Let l(v) = -v**3 + 9*v**2 - v + 5. Calculate l(9).
-4
Let y(h) = h**3 - 7*h**2 + 5*h - 25. Give y(7).
10
Let q(v) = 40*v + 505. What is q(-13)?
-15
Let t(s) = -s**2 + 12*s - 44. What is t(6)?
-8
Let i(l) = -l**3 - 12*l**2 - 9*l + 23. Give i(-11).
1
Let j(a) = -a**3 - 7*a**2 + 7*a. Determine j(-6).
-78
Let t(k) = k**3 + 12*k**2 - 87*k + 11. Calculate t(5).
1
Let l(c) = -20*c - 681. Calculate l(-34).
-1
Let o(t) = -52*t - 50. Give o(-1).
2
Let g(z) = -2*z**3 - 2*z**2 - 5*z - 2. What is g(-2)?
16
Let p(t) = -t**3 - 5*t**2 - 8*t - 25. Give p(-5).
15
Let x(b) = 3*b**2 - 219*b - 232. Calculate x(74).
-10
Let j(u) = u**3 + 8*u**2 - 103*u - 6. Calculate j(7).
8
Let y(v) = v**3 + 12*v**2 - 16*v - 44. Calculate y(-13).
-5
Let w(b) = 2*b**3 - 49*b**2 - 24*b - 36. Calculate w(25).
-11
Let l(w) = -w**3 + 7*w**2 + 10*w - 4. Give l(8).
12
Let l(q) = -q**2 + 9*q - 12. Give l(6).
6
Let u(w) = 47*w + 101. Calculate u(-3).
-40
Let a(l) = -16*l + 388. Give a(24).
4
Let v(q) = -11*q + 164. What is v(16)?
-12
Let c(m) = 5*m**3 - 11*m**2 + m + 6. Give c(3).
45
Let p(g) = -g**2 - 8*g + 36. Calculate p(12).
-204
Let x(t) = -4*t + 34. Determine x(10).
-6
Let o(j) = j - 24. What is o(23)?
-1
Let h(y) = -6*y + 19. Calculate h(3).
1
Let k(u) = -2*u - 2. What is k(3)?
-8
Let u(x) = -x**2 + 23*x + 242. What is u(-8)?
-6
Let g(d) = 4*d - 36. Determine g(9).
0
Let w(r) = -7*r**3 + 106*r**2 - 15*r - 5. What is w(15)?
-5
Let s(v) = -4*v**2 + v - 2. What is s(1)?
-5
Let t(p) = p - 4. Determine t(-3).
-7
Let t(v) = 2*v**2 - 23*v + 43. Calculate t(3).
-8
Let o(w) = w**2 + 11*w - 1. Determine o(-7).
-29
Let s(b) = -17*b**3 - b**2 - b. Calculate s(-1).
17
Let p(t) = -3*t + 45. Give p(15).
0
Let a(s) = -s**3 + 15*s**2 - 9*s - 13. Determine a(14).
57
Let v(q) = -5*q - 29. Calculate v(-7).
6
Let t(i) = 2*i**3 - 7*i**2 + 6*i + 2. Determine t(3).
11
Let l(o) = -2*o**2 - 2*o + 2. Determine l(-2).
-2
Let j(z) = z + 10. Calculate j(0).
10
Let q(p) = 72*p - 567. Determine q(8).
9
Let w(o) = -2*o**3 + 14*o**2 + 4*o - 33. Give w(7).
-5
Let j(s) = -22*s + 200. What is j(10)?
-20
Let v(c) = c**3 + 38*c**2 + 13*c - 882. Calculate v(-37).
6
Let z(l) = l + 11. Calculate z(-13).
-2
Let x(w) = w**3 + 14*w**2 + 18*w - 41. Give x(-12).
31
Let h(u) = -2*u**2 - 34*u - 19. Calculate h(-16).
13
Let f(s) = -2*s - 39. Calculate f(-13).
-13
Let p(v) = v**2 - 12*v + 7. Calculate p(9).
-20
Let v(j) = -48*j - 3. Give v(-2).
93
Let c(y) = y - 2. Calculate c(24).
22
Let a(s) = 26*s + 4. What is a(-5)?
-126
Let a(n) = -2*n**2 - 11*n + 12. What is a(-6)?
6
Let g(v) = 165*v - 1. Determine g(0).
-1
Let z(k) = -k**2 - 13*k + 7. What is z(-13)?
7
Let x(c) = 3*c**2 + 21*c - 4. What is x(-7)?
-4
Let y(g) = 2*g - 3. What is y(-6)?
-15
Let q(r) = 2*r**3 + 4*r**2 - 8*r - 15. Calculate q(-3).
-9
Let z(y) = -2*y**3 - 18*y**2 - 17*y - 18. Calculate z(-8).
-10
Let z(g) = g**3 - 10*g**2 + 3*g + 3. Determine z(8).
-101
Let s(z) = -6*z - 8. Calculate s(6).
-44
Let t(l) = -l**3 - 24*l**2 - 28*l - 109. Determine t(-23).
6
Let q(o) = -o**2 + 76*o - 610. Calculate q(9).
-7
Let u(c) = -c**2 - 27*c - 69. What is u(-24)?
3
Let q(m) = 2*m**2 + 6*m + 1. What is q(-5)?
21
Let j(s) = 103*s**3 - s**2 - s - 1. What is j(-1)?
-104
Let k(f) = -3*f**3 + 19*f**2 - 4*f - 17. Give k(6).
-5
Let q(z) = 48*z - 329. Give q(7).
7
Let u(x) = x + 5. Calculate u(-7).
-2
Let i(s) = s**3 - 10*s**2 - 14*s + 26. Determine i(11).
-7
Let p(c) = -2*c**2 - 5*c. Determine p(-2).
2
Let v(t) = t**3 + 35*t**2 + 63*t - 97. Calculate v(-33).
2
Let z(v) = -v**3 + 2*v - 13. Calculate z(0).
-13
Let n(b) = -b**3 - 4*b**2 + 4. Calculate n(-3).
-5
Let h(t) = t - 41. Determine h(9).
-32
Let l(n) = -n - 3. Calculate l(-14).
11
Let o(r) = -r**2 + 6*r. Calculate o(3).
9
Let w(k) = -k**2 - 31. Give w(0).
-31
Let s(j) = -j**3 + 14*j**2 - 12*j + 18. What is s(13)?
31
Let j(p) = p**3 + 5*p**2 - 2*p - 19. Determine j(-5).
-9
Let c(k) = -100*k + 1895. What is c(19)?
-5
Let s(r) = -41*r - 1. Determine s(-1).
40
Let f(a) = 3*a - 41. What is f(15)?
4
Let u(c) = c**3 + 9*c**2 + 7*c + 4. What is u(-8)?
12
Let n(w) = w**2 - 14*w + 21. What is n(9)?
-24
Let p(y) = 4*y**2 + y. Calculate p(3).
39
Let s(x) = 9*x**3 - 4*x**2 - 3*x - 1. Calculate s(-1).
-11
Let z(h) = -h**2 - 11*h + 3. What is z(-8)?
27
Let j(d) = 11*d + 157. What is j(-14)?
3
Let a(m) = -5*m + 16. Calculate a(4).
-4
Let h(r) = -r - 6. What is h(5)?
-11
Let a(m) = -3*m**3 + m + 1. Calculate a(-1).
3
Let a(j) = -27*j + 186. What is a(8)?
-30
Let a(f) = -f**3 + 2*f**2 + 6*f + 12. Give a(4).
4
Let v(r) = r**3 - 13*r**2 + 14*r + 3. Give v(12).
27
Let s(t) = -2*t**3 + t**2. Calculate s(-1).
3
Let z(n) = 6*n + 52. Determine z(-8).
4
Let q(b) = 2*b**3 + 63*b**2 - 32*b + 2. What is q(-32)?
2
Let k(w) = 4*w**2 + 26*w + 4. What is k(-7)?
18
Let x(q) = -2*q**2 + 5*q - 2. Give x(6).
-44
Let r(l) = 56*l - 1. Calculate r(-1).
-57
Let r(h) = -29*h + 13. Determine r(3).
-74
Let h(l) = 4*l - 54. Calculate h(10).
-14
Let r(i) = i**2 + 4*i - 2. Give r(0).
-2
Let w(c) = 9*c + 10. Calculate w(-8).
-62
Let r(u) = 7*u - 38. Give r(7).
11
Let y(k) = -k**2 + 3*k + 23. Give y(9).
-31
Let x(c) = -2*c**2 + 13*c - 11. Give x(8).
-35
Let a(k) = 3*k + 4. What is a(-3)?
-5
Let b(q) = -q**3 + 4*q**2 + 4*q - 2. Calculate b(3).
19
Let 